
-122
Calculate 76 + -35 + -71 - 19.
-49
Evaluate -7 + 0 + -19 + 31 + -137 + 55.
-77
What is 12 + 18 + -34 + 23 + -12?
7
Calculate (3 - 9) + -51 + 60 + -2.
1
-60 - -6 - (-286 - -252)
-20
Evaluate 138 - (63 + -24) - 38.
61
17 - ((103 - 21) + -30)
-35
Calculate (18 - 2) + (-311 - -248) + 2.
-45
Calculate (0 - 4) + (5 - (4 - -10)) - -23.
10
What is -8 + (-20 + 9 - -16 - -11) + -5?
3
What is 1 - -8 - ((3 - (-84 + 61)) + 15)?
-32
Evaluate 33 - (45 - -14 - 8).
-18
What is (-19 + (28 - 7) - (8 + -1)) + 12 + -6?
1
What is -3 + (-35 - (8 + -32))?
-14
What is -17 + (35 + -19 + -8 + 1 - (11 + 2))?
-21
Calculate 5 - (-14 - -18) - (3 + -9 + 0).
7
What is the value of 14 + (25 - 12 - (-9 + 1 - -69))?
-34
(-8 + 24 - -15) + (-188 - -94)
-63
What is the value of 61 + 16 + -58 - -18?
37
What is 54 - (1285 + -1294 + (-3 + 1 - -15))?
50
Evaluate -9 - (1 + 12 + (-21 - (11 - 27))).
-17
What is 27 + 15 + -81 + (51 - 21)?
-9
What is the value of -1 + 20 + -25 + 13 + 1?
8
What is -15 + -1 + 59 - -1 - -12?
56
Evaluate 16 - (-52 - (-44 - -5)).
29
Evaluate 3 - (6 - 15 - (32 - 44)).
0
Calculate (-23 - (62 + -58)) + (-7 - (3 + -5 + 0)).
-32
-1 + 20 + (7 - (63 - 27))
-10
Calculate -37 - (-76 - -4) - 68.
-33
What is -7 + (74 - (-8 - (27 - 35 - (-1 + 10))))?
58
Evaluate -13 + (1 - -4 - (-24 + 12)) + -33.
-29
What is 48 + (3 - 4 - 12 - (12 - 25))?
48
Calculate 46 - (-37 + 69) - 3 - (49 - 1).
-37
Calculate (84 + -33 - (-5 - -1 - 0)) + (549 - 549).
55
Evaluate (-106 - 2) + -93 + 232.
31
Evaluate -18 + (-74 + (-95 - -173) - (4 + -1 + 1)).
-18
(-21 + 141 - 9) + -121
-10
Calculate (1 + -5 - -49) + (-3 - (11 + -16 + 7)).
40
What is the value of -754 - -746 - (15 + 5 + 2 + -7 + 3)?
-26
Evaluate -24 - 6 - (7 - -62 - 30).
-69
Calculate 42 - (75 + -129 - -87).
9
(20 - (53 + -26)) + 7 - -33
33
Evaluate -121 - (-254 + 133 - 104).
104
(31 + -45 - 18) + 146 + -33
81
What is the value of (1 + -4 - -16) + (207 + -225 - (0 - -40))?
-45
What is -60 - (46 + -20 + -28)?
-58
What is the value of -113 + -12 + -49 + 121?
-53
Calculate (-1 - -4 - -8) + 3 + -706 + 722.
30
What is (1 - -3) + (8 + -5 + -10 + 8 - 3)?
2
What is -30 - ((-1 - (0 + 4)) + (-13 - (-59 - -39)))?
-32
-13 + 17 + (18 - (-3 + -2 - -5))
22
Evaluate 158 + -157 - (-45 - -42 - (33 - -1)).
38
1 + (21 - (6 - 8 - (-15 + -1 + 3)))
11
What is (-1 + 59 - 0) + -31207 + 31161?
12
Evaluate -11 + (109 - 65) + 37.
70
0 + 0 - 6 - (-69 - (-22 + 37) - -34)
44
What is 28 + (4 - 19) - (0 - 6) - -12?
31
What is 1 + 11 + (-30 + -34 - -47) + -11?
-16
What is -728 + 721 + 1 + 15 + -3 + -3?
3
Calculate -142 - (-3 - (-14 + 2 + (1 - -21)) - 1).
-128
What is the value of (-1 + -1 - ((-35 - -80) + -53)) + 4 + 1?
11
-61 + 71 - ((19 - 7) + -54)
52
What is the value of -4344 - -4347 - (29 - 2 - -1)?
-25
What is (34 - 14) + -3 + -64 - -20?
-27
(-15 - (-61 + 54)) + -5 + 1 - (0 + 62)
-74
Calculate 2 + 0 + -10 - (40 + -21).
-27
Calculate 226 + -53 + -10 + -85.
78
Calculate -16 + -6 + 41 + -10 + 7 + -6 + -1.
9
Evaluate 40 - (1 - -14 - (-197 + 194)).
22
-22 + 65 + (-4 + 1 - 3)
37
What is (-1 + 6 - (51 - 33)) + (-4 - (0 + -4))?
-13
What is -12 - ((123 + -158 - -50) + 28 + 0)?
-55
(-2 - -4) + 3 - (57 + 5 + (-20 - -6))
-43
Evaluate 36 - (39 - -18 - -19).
-40
What is the value of 14 + (125 - 45 - 31)?
63
Calculate -30 + (18 - 16) + 15.
-13
What is the value of 402 + -389 - ((-3 - (3 + -5)) + 0 + 1)?
13
Evaluate (62 - -1) + (-2 + -3 - (-142 - -131)) + -14.
55
Evaluate -2 + -49 - (-36 - (-14 + -10)) - (-3 - 7).
-29
Evaluate 4 + (-56 - (-29 + 42)).
-65
What is -32 + 0 - (241 - 235)?
-38
11 + -14 - (7 + 3 + -19)
6
Evaluate -1 + 36 - (10 - 58 - -61).
22
What is the value of -515 - -542 - (-1 + -86) - 32?
82
Evaluate 58 - -4 - (-28 + 37 + -44 + 33).
64
What is 7 - 31 - (-67 - -81 - (-1 + 4))?
-35
-52 + (-43 - -167) + -63
9
What is the value of -29 - (-182 - -141 - (-4 + -84))?
-76
What is 22 + 22 + 74 + -91?
27
Evaluate -17 + 0 + (7 - 13).
-23
39 - 99 - (0 - 19)
-41
-80 + 8 + 113 - -42
83
Evaluate -56 + (-16 - -14) - (9 - 7).
-60
Evaluate (-40 - (26 + -28)) + 21.
-17
Calculate (-26 - (-11 + -2)) + -50 + (10 - -4).
-49
Evaluate 123 - (90 + -106) - 96.
43
What is the value of -8 + 5 - (-8 + 68 + -40) - -8?
-15
-2 + 1 + 2 + 14 - (1634 + -1551)
-68
Evaluate 53 - (33 - 18) - -10 - (2 + 2 + -9).
53
What is 118 + -44 + -24 - 26?
24
What is the value of (-94 - -115) + (-81 - (6 + -11))?
-55
What is the value of 29 + 19 + 63 + -39?
72
8 - ((47 - (114 - 140)) + (10 - (-1 - -2)))
-74
What is the value of 15 + -3 + 14 + -35 + 3 + -15?
-21
What is -10 + 28 - (-13 + (2 - -25))?
4
Evaluate 31 - 46 - (-72 + 39).
18
Evaluate -1 + 24 + -1 + 841 + -904.
-41
Calculate 79 + 3 - (0 + 39).
43
Evaluate -14 + (36 - 23) - 31 - -13.
-19
Evaluate 37 + -24 + (-41 - 2).
-30
What is the value of 48 - ((-12 + (-9 - -19) - 8) + -7)?
65
What is -1 + 0 + 46 + 24 + -26?
43
Calculate -362 - -399 - (2 + 135).
-100
-7 + -16 + 18 + 25 + -25
-5
Calculate 58 - (-308 - -291 - (-40 - (0 + -2))).
37
What is the value of -5 + (-10 - (-20 - 3)) + -14 - 31?
-37
What is the value of (-10 + -5 - -17) + (-32 - -20)?
-10
What is the value of -6 - (3 + (-31 + 15 - -32 - 119))?
94
What is the value of -166 - -15 - 76 - -162?
-65
Evaluate -107 + 8 + (-7 + (13 - 15) - -7).
-101
What is 35 - (-51 + (79 - -18))?
-11
Calculate -6 + (2 - 3) + (-6 - -25 - -4) + -7.
9
What is the value of (41 - (38 - -37)) + 34 - 62?
-62
What is the value of -17 + -11 + 55 + -29 + -46?
-48
Evaluate (226 - 204) + (3 - 0) + (4 - 9) + 10.
30
-20 + (-11 - (-33 - -18)) + 18
2
What is the value of -14 - (-26 - 40) - (-6 + 0 + -4)?
62
133 + -120 + (-75 - -170)
108
(16 + -6 - 42) + -53 + 111
26
Evaluate 115 + -4 - (39 + -5).
77
-12 - (-18 - (19 - -22) - 0)
47
What is the value of 17 - (4 - -4) - 55 - 31?
-77
-3 + 30 + -884 + 846
-11
Evaluate (2 - -42) + -30 - ((3 - (-5 + 15)) + -65).
86
87 + (-255 - (-90 - -64))
-142
What is the value of -21 + (-19 - (-42 + 23 - 10)) + -5?
-16
What is the value of -11 + -2 + (-15 - -9) + 27?
8
What is the value of -44 - (91 - 79 - 7)?
-49
Calculate -5 + (6 - (-8 + 9)) + 1 + 2 + -11.
-8
-191 + 140 + 26 - (0 + -12)
-13
Calculate -2670 + 2675 - (1 + -3 + 13) - 15.
-21
What is (-117 - -54) + 37 + -8?
-34
What is -17 - (-37 + 12) - 12 - -59?
55
What is the value of (-1 - 11) + -3 + -41 + (-139 - -145)?
-50
Calculate 38 + -28 + 48 + (-11 - (4 + -2)).
45
Calculate (67 - 71) + -8 + 43 + (3 - 3).
31
Calculate (2 - (-29 + -1)) + 6 + 71.
109
Calculate (-13 - -34) + (20 - (25 - 22)).
38
What is 0 + -9 + (339 - 333) + 40?
37
What is (-76 - -77) + (-4 + -6 - -7) + 33?
31
What is the value of 73 + 1 + -13 + -3 + (7 + -5 - -6)?
66
Calculate 0 + 9 + -3 - (37 - (-30 - (10 + -27))).
-44
Evaluate (13 - (58 + -71)) + 96.
122
Calculate (-36 - -1) + -1216 + 1195 - -31.
-25
Evaluate (7435 - 7441) + 7 + (-2 - 2) + 2 + -91.
-92
Calculate -1 + -6 + 2 + (-33 - (-22 - 26)).
10
8 + (8 - -21) + 9 + 6 + -6 + 10
56
Calculate -1 + 104 + -53 + -52 + (0 - -12).
10
Evaluate 14 - -2 - (-24 - (45 - 77)).
8
(7 + (-10 - -19) - (0 + 41)) + -12
-37
What is the value of 47 - (129 - 115 - 27)?
60
Evaluate 3 + (-9 - (10 + -11)) + (-13 - -50).
32
What is the value of -54 - (29 - (26 + 25))?
-32
-112 - -198 - (128 + 0)
-42
Evaluate 59 + (6 - -69) + -134.
0
What is -9 - ((23 - 46) + 35) - 10?
-31
-14 - (-10 + 5 + -12 + -16)
19
Calculate -101 + (-46 - -168) - (1 - -17).
3
What is the value of (11 - (6 + 19 + -79)) + -6?
59
(2 - (-3 + 20)) + -863 + 896
18
55 - (1 - 16) - 60
10
Calculate (55 + 12 - 83) + (-3 - 104) + -8 + 6.
-125
(-34 - -24) + 5 + -19 + -3
-27
What is the value of 56 + (-7 + -23 - (-363 - -311))?
78
Calculate -28 + (-76 - -84 - (25 - 6)).
-39
Evaluate 6 + 12 + (2 + -2 - 14 - -3) - -55.
62
Calculate 9 + (-26 - -9) - (-7 - (-1 + -4)).
-6
What is 130 + (24 - 54) + (0 - -36)?
136
What is -15 - (-16 + (75 - -28)) - -20?
-82
Calculate (-10 - (-25 - -13) - 53) + (4 - 2).
-49
17 + (-12 - -12) + (14 + 11 - 52)
-10
What is -23 + (-24 - (-41 - (28 - 19)))?
3
Calculate (-14 + -2 - -76 - 28) + 6.
38
Calculate 26 - (125 + -48 - 55).
4
Evaluate 51 + 15 + (-22 - 35).
9
(-10 - -79) + (68 - (-26 + 85))
78
Calculate 1 + (-12 - -7) + -9 - (-25 + 18) - 43.
-49
Calculate (31 - 3) + (-2 - 67).
-41
Evaluate -12 + (-2 - (-14 + 38 + -11)).
-27
What is -1 - -23 - ((-103 - -15) + 138)?
-